{"id":58,"date":"2017-10-04T13:17:40","date_gmt":"2017-10-04T11:17:40","guid":{"rendered":"https:\/\/ortnerboote.wordpress.com\/?page_id=58"},"modified":"2017-11-07T10:27:46","modified_gmt":"2017-11-07T10:27:46","slug":"chris-craft","status":"publish","type":"page","link":"https:\/\/www.ortner-boote.com\/?page_id=58","title":{"rendered":"Chris Craft"},"content":{"rendered":"<p style=\"text-align: justify;\">Ortner-Boote GmbH ist offizieller Generalimporteur f\u00fcr Boote der Firma\u00a0<strong>Chris Craft<\/strong><\/p>\n<p style=\"text-align: justify;\"><img loading=\"lazy\" decoding=\"async\" class=\"wp-image-67 alignleft\" src=\"https:\/\/ortnerboote.files.wordpress.com\/2017\/10\/nostalgie.jpg\" alt=\"nostalgie.jpg\" width=\"278\" height=\"197\" srcset=\"https:\/\/www.ortner-boote.com\/wp-content\/uploads\/2017\/10\/nostalgie.jpg 1100w, https:\/\/www.ortner-boote.com\/wp-content\/uploads\/2017\/10\/nostalgie-300x212.jpg 300w, https:\/\/www.ortner-boote.com\/wp-content\/uploads\/2017\/10\/nostalgie-768x544.jpg 768w, https:\/\/www.ortner-boote.com\/wp-content\/uploads\/2017\/10\/nostalgie-1024x725.jpg 1024w\" sizes=\"auto, (max-width: 278px) 100vw, 278px\" \/><\/p>\n<p style=\"text-align: justify;\"><strong>1874<\/strong>\u00a0kam von Christopher Smith der Startschuss f\u00fcr eine neue \u00c4ra am Wasser.<br \/>\n<strong>Chris Craft<\/strong>\u00a0was born.<\/p>\n<p style=\"text-align: justify;\">Die wohl bekannteste Bootsmanufaktur bietet eine ausgekl\u00fcgelte Palette an Modellen, f\u00fcr Familienausfl\u00fcge bis hin zu Abenteuern am Meer.<\/p>\n<p style=\"text-align: justify;\">Der Rumpf aus glasfaserverst\u00e4rktem Kunststoff verleiht den Booten die n\u00f6tige Leichtigkeit zum Sportbootcharakter, die hochwertig gefertigten Accessoires aus Holz werden den Detailverliebten unter Ihnen h\u00f6chste Zufriedenheit garantieren. Die Verarbeitung von Holz, Leder und Edelstahl sind hochpr\u00e4zise ausgef\u00fchrt, und bieten maximalen Komfort am Wasser.<\/p>\n<p style=\"text-align: justify;\">Die Boote eigenen sich hervorragend f\u00fcr den entspannten Tag am Wasser, lassen aber ebenso Wassersportlerherzen h\u00f6her schlagen.<\/p>\n<p><img loading=\"lazy\" decoding=\"async\" class=\"alignnone size-full wp-image-739\" src=\"http:\/\/ortner-boote.com\/wp-content\/uploads\/2017\/10\/Chriscraft.jpeg\" alt=\"\" width=\"1122\" height=\"562\" srcset=\"https:\/\/www.ortner-boote.com\/wp-content\/uploads\/2017\/10\/Chriscraft.jpeg 1122w, https:\/\/www.ortner-boote.com\/wp-content\/uploads\/2017\/10\/Chriscraft-300x150.jpeg 300w, https:\/\/www.ortner-boote.com\/wp-content\/uploads\/2017\/10\/Chriscraft-768x385.jpeg 768w, https:\/\/www.ortner-boote.com\/wp-content\/uploads\/2017\/10\/Chriscraft-1024x513.jpeg 1024w\" sizes=\"auto, (max-width: 706px) 89vw, (max-width: 767px) 82vw, 740px\" \/><\/p>\n<p style=\"text-align: justify;\">Die Modelle von Chris Craft bekommen Sie bei uns auch in einer Elektro-Ausf\u00fchrung mit einer Leistung von bis zu 220 kW, und einer Batteriekapazit\u00e4t von 100 kWh.<\/p>\n<div class=\"BorlabsCookie _brlbs-cb-youtube\">\n<div class=\"_brlbs-content-blocker\">\n<div class=\"_brlbs-embed _brlbs-video-youtube\"> <img decoding=\"async\" class=\"_brlbs-thumbnail\" src=\"https:\/\/www.ortner-boote.com\/wp-content\/plugins\/borlabs-cookie\/assets\/images\/cb-no-thumbnail.png\" alt=\"YouTube\"> <\/p>\n<div class=\"_brlbs-caption\">\n<p>Mit dem Laden des Videos akzeptieren Sie die Datenschutzerkl\u00e4rung von YouTube.<br \/><a href=\"https:\/\/policies.google.com\/privacy\" target=\"_blank\" rel=\"nofollow noopener noreferrer\">Mehr erfahren<\/a><\/p>\n<p><a class=\"_brlbs-btn _brlbs-icon-play-white\" href=\"#\" data-borlabs-cookie-unblock role=\"button\">Video laden<\/a><\/p>\n<p><label><input type=\"checkbox\" name=\"unblockAll\" value=\"1\" checked> <small>YouTube immer entsperren<\/small><\/label><\/p>\n<\/p><\/div>\n<\/p><\/div>\n<\/p><\/div>\n<div class=\"borlabs-hide\" data-borlabs-cookie-type=\"content-blocker\" data-borlabs-cookie-id=\"youtube\"><script type=\"text\/template\">PGlmcmFtZSB0aXRsZT0iQ2hyaXMtQ3JhZnQ6IENhcHJpIDIxIiB3aWR0aD0iNTI1IiBoZWlnaHQ9IjI5NSIgc3JjPSJodHRwczovL3d3dy55b3V0dWJlLW5vY29va2llLmNvbS9lbWJlZC9BNWFJOF94cjlNQT9mZWF0dXJlPW9lbWJlZCIgZnJhbWVib3JkZXI9IjAiIGFsbG93PSJhY2NlbGVyb21ldGVyOyBhdXRvcGxheTsgY2xpcGJvYXJkLXdyaXRlOyBlbmNyeXB0ZWQtbWVkaWE7IGd5cm9zY29wZTsgcGljdHVyZS1pbi1waWN0dXJlOyB3ZWItc2hhcmUiIHJlZmVycmVycG9saWN5PSJzdHJpY3Qtb3JpZ2luLXdoZW4tY3Jvc3Mtb3JpZ2luIiBhbGxvd2Z1bGxzY3JlZW4+PC9pZnJhbWU+<\/script><\/div>\n<\/div>\n<p style=\"text-align: justify;\">N\u00e4here Infos zu unseren Elektroantrieben finden Sie unter:<\/p>\n<p><a href=\"https:\/\/ortnerboote.wordpress.com\/ortner-electric\/\">&#8222;Ortner-Electric&#8220;<\/a><\/p>\n<p>Wenn Sie Informationen zu einem Boot oder ein Angebot haben m\u00f6chten, bitten wir Sie, dass folgende Kontaktformular auszuf\u00fcllen:<\/p>\n\n<div class=\"wpcf7 no-js\" id=\"wpcf7-f680-o1\" lang=\"de-DE\" dir=\"ltr\">\n<div class=\"screen-reader-response\"><p role=\"status\" aria-live=\"polite\" aria-atomic=\"true\"><\/p> <ul><\/ul><\/div>\n<form action=\"\/index.php?rest_route=%2Fwp%2Fv2%2Fpages%2F58#wpcf7-f680-o1\" method=\"post\" class=\"wpcf7-form init\" aria-label=\"Kontaktformular\" novalidate=\"novalidate\" data-status=\"init\">\n<div style=\"display: none;\">\n<input type=\"hidden\" name=\"_wpcf7\" value=\"680\" \/>\n<input type=\"hidden\" name=\"_wpcf7_version\" value=\"5.9.8\" \/>\n<input type=\"hidden\" name=\"_wpcf7_locale\" value=\"de_DE\" \/>\n<input type=\"hidden\" name=\"_wpcf7_unit_tag\" value=\"wpcf7-f680-o1\" \/>\n<input type=\"hidden\" name=\"_wpcf7_container_post\" value=\"0\" \/>\n<input type=\"hidden\" name=\"_wpcf7_posted_data_hash\" value=\"\" \/>\n<\/div>\n<p><label> Ihr Name (Pflichtfeld)<br \/>\n<span class=\"wpcf7-form-control-wrap\" data-name=\"your-name\"><input size=\"40\" maxlength=\"400\" class=\"wpcf7-form-control wpcf7-text wpcf7-validates-as-required\" aria-required=\"true\" aria-invalid=\"false\" value=\"\" type=\"text\" name=\"your-name\" \/><\/span> <\/label>\n<\/p>\n<p><label> Ihre E-Mail-Adresse (Pflichtfeld)<br \/>\n<span class=\"wpcf7-form-control-wrap\" data-name=\"your-email\"><input size=\"40\" maxlength=\"400\" class=\"wpcf7-form-control wpcf7-email wpcf7-validates-as-required wpcf7-text wpcf7-validates-as-email\" aria-required=\"true\" aria-invalid=\"false\" value=\"\" type=\"email\" name=\"your-email\" \/><\/span> <\/label>\n<\/p>\n<p><label> Betreff<br \/>\n<span class=\"wpcf7-form-control-wrap\" data-name=\"your-subject\"><input size=\"40\" maxlength=\"400\" class=\"wpcf7-form-control wpcf7-text\" aria-invalid=\"false\" value=\"\" type=\"text\" name=\"your-subject\" \/><\/span> <\/label>\n<\/p>\n<p><label> Ihre Nachricht<br \/>\n<span class=\"wpcf7-form-control-wrap\" data-name=\"your-message\"><textarea cols=\"40\" rows=\"10\" maxlength=\"2000\" class=\"wpcf7-form-control wpcf7-textarea\" aria-invalid=\"false\" name=\"your-message\"><\/textarea><\/span> <\/label>\n<\/p>\n<p><input class=\"wpcf7-form-control wpcf7-submit has-spinner\" type=\"submit\" value=\"Senden\" \/>\n<\/p><div class=\"wpcf7-response-output\" aria-hidden=\"true\"><\/div>\n<\/form>\n<\/div>\n\n<p>&nbsp;<\/p>\n<p>&nbsp;<\/p>\n","protected":false},"excerpt":{"rendered":"<p>Ortner-Boote GmbH ist offizieller Generalimporteur f\u00fcr Boote der Firma\u00a0Chris Craft 1874\u00a0kam von Christopher Smith der Startschuss f\u00fcr eine neue \u00c4ra am Wasser. Chris Craft\u00a0was born. Die wohl bekannteste Bootsmanufaktur bietet eine ausgekl\u00fcgelte Palette an Modellen, f\u00fcr Familienausfl\u00fcge bis hin zu Abenteuern am Meer. Der Rumpf aus glasfaserverst\u00e4rktem Kunststoff verleiht den Booten die n\u00f6tige Leichtigkeit zum &hellip; <\/p>\n<p class=\"link-more\"><a href=\"https:\/\/www.ortner-boote.com\/?page_id=58\" class=\"more-link\"><span class=\"screen-reader-text\">\u201eChris Craft\u201c<\/span> weiterlesen<\/a><\/p>\n","protected":false},"author":1,"featured_media":464,"parent":0,"menu_order":0,"comment_status":"closed","ping_status":"closed","template":"","meta":{"footnotes":""},"class_list":["post-58","page","type-page","status-publish","has-post-thumbnail","hentry"],"_links":{"self":[{"href":"https:\/\/www.ortner-boote.com\/index.php?rest_route=\/wp\/v2\/pages\/58","targetHints":{"allow":["GET"]}}],"collection":[{"href":"https:\/\/www.ortner-boote.com\/index.php?rest_route=\/wp\/v2\/pages"}],"about":[{"href":"https:\/\/www.ortner-boote.com\/index.php?rest_route=\/wp\/v2\/types\/page"}],"author":[{"embeddable":true,"href":"https:\/\/www.ortner-boote.com\/index.php?rest_route=\/wp\/v2\/users\/1"}],"replies":[{"embeddable":true,"href":"https:\/\/www.ortner-boote.com\/index.php?rest_route=%2Fwp%2Fv2%2Fcomments&post=58"}],"version-history":[{"count":6,"href":"https:\/\/www.ortner-boote.com\/index.php?rest_route=\/wp\/v2\/pages\/58\/revisions"}],"predecessor-version":[{"id":800,"href":"https:\/\/www.ortner-boote.com\/index.php?rest_route=\/wp\/v2\/pages\/58\/revisions\/800"}],"wp:featuredmedia":[{"embeddable":true,"href":"https:\/\/www.ortner-boote.com\/index.php?rest_route=\/wp\/v2\/media\/464"}],"wp:attachment":[{"href":"https:\/\/www.ortner-boote.com\/index.php?rest_route=%2Fwp%2Fv2%2Fmedia&parent=58"}],"curies":[{"name":"wp","href":"https:\/\/api.w.org\/{rel}","templated":true}]}}