{"id":7,"date":"2017-10-04T09:57:25","date_gmt":"2017-10-04T07:57:25","guid":{"rendered":"https:\/\/ortnerboote.wordpress.com\/?page_id=4"},"modified":"2022-10-06T13:27:57","modified_gmt":"2022-10-06T13:27:57","slug":"kontakt","status":"publish","type":"page","link":"https:\/\/www.ortner-boote.com\/?page_id=7","title":{"rendered":"Kontakt"},"content":{"rendered":"<p><strong>Ortner-Boote GmbH<\/strong><br \/>\nZehenthofstra\u00dfe 26<br \/>\n9500 Villach, \u00d6sterreich<\/p>\n<p>Tel.: \u00a0+43 (0)4242 41310<\/p>\n<p><a href=\"mailto:boote@ortner-boote.com\">e-mail: boote@ortner-boote.com<\/a><br \/>\n<a href=\"https:\/\/www.ortner-boote.com\">https:\/\/www.ortner-boote.com<\/a><\/p>\n<p><!--<div class=\"BorlabsCookie _brlbs-cb-googlemaps\"><div class=\"_brlbs-content-blocker\"> <div class=\"_brlbs-embed _brlbs-google-maps\"> <img class=\"_brlbs-thumbnail\" src=\"https:\/\/www.ortner-boote.com\/wp-content\/plugins\/borlabs-cookie\/assets\/images\/cb-maps.png\" alt=\"Google Maps\"> <div class=\"_brlbs-caption\"> <p>Mit dem Laden der Karte akzeptieren Sie die Datenschutzerkl\u00e4rung von Google.<br><a href=\"https:\/\/policies.google.com\/privacy\" target=\"_blank\" rel=\"nofollow noopener noreferrer\">Mehr erfahren<\/a><\/p> <p><a class=\"_brlbs-btn\" href=\"#\" data-borlabs-cookie-unblock role=\"button\">Karte laden<\/a><\/p> <p><label><input type=\"checkbox\" name=\"unblockAll\" value=\"1\" checked> <small>Google Maps immer entsperren<\/small><\/label><\/p> <\/div> <\/div> <\/div><div class=\"borlabs-hide\" data-borlabs-cookie-type=\"content-blocker\" data-borlabs-cookie-id=\"googlemaps\"><script type=\"text\/template\">PGlmcmFtZSBsb2FkaW5nPSJsYXp5IiBzdHlsZT0iYm9yZGVyOiAwOyIgc3JjPSJodHRwczovL3d3dy5nb29nbGUuY29tL21hcHMvZW1iZWQ\/cGI9ITFtMTghMW0xMiExbTMhMWQxNjQ2LjM1MTY2Mzg3MTYxNyEyZDEzLjg2MzEyMjA5NDE1NjkyNiEzZDQ2LjYyMzE0MzIzODQ3OTE0NSEybTMhMWYwITJmMCEzZjAhM20yITFpMTAyNCEyaTc2OCE0ZjEzLjEhM20zITFtMiExczB4NDc3MDgxY2E5YTJlYzUwZiUzQTB4MzZkYWIwNTQwNDRjYmM4YSEyc09ydG5lci1Cb290ZSE1ZTAhM20yITFzZGUhMnNhdCE0djE1MDk5NzMyNTE2MjkiIHdpZHRoPSI2MDAiIGhlaWdodD0iNDUwIiBmcmFtZWJvcmRlcj0iMCIgYWxsb3dmdWxsc2NyZWVuPSJhbGxvd2Z1bGxzY3JlZW4iPjwvaWZyYW1lPg==<\/script><\/div><\/div>--><\/p>\n<p><strong>Unsere \u00d6ffnungszeiten:<\/strong><br \/>\nMontag bis Freitag<br \/>\n<strong>9:00<\/strong> Uhr bis <strong>12:00<\/strong> Uhr und<br \/>\n<strong>14:00<\/strong> Uhr bis <strong>17:00<\/strong> Uhr<\/p>\n<p><img loading=\"lazy\" decoding=\"async\" class=\"alignnone size-full wp-image-768\" src=\"http:\/\/ortner-boote.com\/wp-content\/uploads\/2017\/10\/Firma.jpeg\" alt=\"\" width=\"963\" height=\"316\" srcset=\"https:\/\/www.ortner-boote.com\/wp-content\/uploads\/2017\/10\/Firma.jpeg 963w, https:\/\/www.ortner-boote.com\/wp-content\/uploads\/2017\/10\/Firma-300x98.jpeg 300w, https:\/\/www.ortner-boote.com\/wp-content\/uploads\/2017\/10\/Firma-768x252.jpeg 768w\" sizes=\"auto, (max-width: 706px) 89vw, (max-width: 767px) 82vw, 740px\" \/><\/p>\n<p>(Bitte verwenden Sie dieses Kontaktformular nur f\u00fcr allgemeine Anfragen. F\u00fcr Informationen zu Booten, Ersatzteilen etc. bitten wir Sie, die jeweiligen Kontaktformulare in den Men\u00fcpunkten zu verwenden, um eine rasche Beantwortung durch die jeweiligen Mitarbeiter zu erm\u00f6glichen.)<\/p>\n\n<div class=\"wpcf7 no-js\" id=\"wpcf7-f680-o1\" lang=\"de-DE\" dir=\"ltr\">\n<div class=\"screen-reader-response\"><p role=\"status\" aria-live=\"polite\" aria-atomic=\"true\"><\/p> <ul><\/ul><\/div>\n<form action=\"\/index.php?rest_route=%2Fwp%2Fv2%2Fpages%2F7#wpcf7-f680-o1\" method=\"post\" class=\"wpcf7-form init\" aria-label=\"Kontaktformular\" novalidate=\"novalidate\" data-status=\"init\">\n<div style=\"display: none;\">\n<input type=\"hidden\" name=\"_wpcf7\" value=\"680\" \/>\n<input type=\"hidden\" name=\"_wpcf7_version\" value=\"5.9.8\" \/>\n<input type=\"hidden\" name=\"_wpcf7_locale\" value=\"de_DE\" \/>\n<input type=\"hidden\" name=\"_wpcf7_unit_tag\" value=\"wpcf7-f680-o1\" \/>\n<input type=\"hidden\" name=\"_wpcf7_container_post\" value=\"0\" \/>\n<input type=\"hidden\" name=\"_wpcf7_posted_data_hash\" value=\"\" \/>\n<\/div>\n<p><label> Ihr Name (Pflichtfeld)<br \/>\n<span class=\"wpcf7-form-control-wrap\" data-name=\"your-name\"><input size=\"40\" maxlength=\"400\" class=\"wpcf7-form-control wpcf7-text wpcf7-validates-as-required\" aria-required=\"true\" aria-invalid=\"false\" value=\"\" type=\"text\" name=\"your-name\" \/><\/span> <\/label>\n<\/p>\n<p><label> Ihre E-Mail-Adresse (Pflichtfeld)<br \/>\n<span class=\"wpcf7-form-control-wrap\" data-name=\"your-email\"><input size=\"40\" maxlength=\"400\" class=\"wpcf7-form-control wpcf7-email wpcf7-validates-as-required wpcf7-text wpcf7-validates-as-email\" aria-required=\"true\" aria-invalid=\"false\" value=\"\" type=\"email\" name=\"your-email\" \/><\/span> <\/label>\n<\/p>\n<p><label> Betreff<br \/>\n<span class=\"wpcf7-form-control-wrap\" data-name=\"your-subject\"><input size=\"40\" maxlength=\"400\" class=\"wpcf7-form-control wpcf7-text\" aria-invalid=\"false\" value=\"\" type=\"text\" name=\"your-subject\" \/><\/span> <\/label>\n<\/p>\n<p><label> Ihre Nachricht<br \/>\n<span class=\"wpcf7-form-control-wrap\" data-name=\"your-message\"><textarea cols=\"40\" rows=\"10\" maxlength=\"2000\" class=\"wpcf7-form-control wpcf7-textarea\" aria-invalid=\"false\" name=\"your-message\"><\/textarea><\/span> <\/label>\n<\/p>\n<p><input class=\"wpcf7-form-control wpcf7-submit has-spinner\" type=\"submit\" value=\"Senden\" \/>\n<\/p><div class=\"wpcf7-response-output\" aria-hidden=\"true\"><\/div>\n<\/form>\n<\/div>\n\n<div id=\"vertical_middle_box\">\n<div id=\"middle_box\" class=\"box\">\n<div id=\"content_box\">\n<div class=\"edit\">\n<div id=\"content_parent_box\">\n<div id=\"content_description\">\n<p><strong>Firmen-Detailinformationen<\/strong><br \/>\nUID-Nummer: ATU 66704033<\/p>\n<p>Firmenbuch-Nummer:\u00a0368052 d, Firmenbuchgericht: Landesgericht Klagenfurt<br \/>\nMitglied der Wirtschaftskammer K\u00e4rnten, Fachgruppe Fahrzeughandel, Berufsgruppe Motorboothandel, Ersatzteile<\/p>\n<\/div>\n<\/div>\n<\/div>\n<\/div>\n<div id=\"content_footer_box\"><\/div>\n<div><a href=\"http:\/\/ortner-boote.com\/wp-login.php\" target=\"_blank\" rel=\"noopener noreferrer\">Anmelden<\/a><\/div>\n<\/div>\n<\/div>\n<div id=\"footer_box\" class=\"footer\"><\/div>\n","protected":false},"excerpt":{"rendered":"<p>Dies ist nur eine Kurzfassung der Seite&nbsp;\u201eKontakt\u201c.<\/p>\n","protected":false},"author":1,"featured_media":0,"parent":0,"menu_order":2,"comment_status":"closed","ping_status":"closed","template":"","meta":{"footnotes":""},"class_list":["post-7","page","type-page","status-publish","hentry"],"_links":{"self":[{"href":"https:\/\/www.ortner-boote.com\/index.php?rest_route=\/wp\/v2\/pages\/7","targetHints":{"allow":["GET"]}}],"collection":[{"href":"https:\/\/www.ortner-boote.com\/index.php?rest_route=\/wp\/v2\/pages"}],"about":[{"href":"https:\/\/www.ortner-boote.com\/index.php?rest_route=\/wp\/v2\/types\/page"}],"author":[{"embeddable":true,"href":"https:\/\/www.ortner-boote.com\/index.php?rest_route=\/wp\/v2\/users\/1"}],"replies":[{"embeddable":true,"href":"https:\/\/www.ortner-boote.com\/index.php?rest_route=%2Fwp%2Fv2%2Fcomments&post=7"}],"version-history":[{"count":13,"href":"https:\/\/www.ortner-boote.com\/index.php?rest_route=\/wp\/v2\/pages\/7\/revisions"}],"predecessor-version":[{"id":1008,"href":"https:\/\/www.ortner-boote.com\/index.php?rest_route=\/wp\/v2\/pages\/7\/revisions\/1008"}],"wp:attachment":[{"href":"https:\/\/www.ortner-boote.com\/index.php?rest_route=%2Fwp%2Fv2%2Fmedia&parent=7"}],"curies":[{"name":"wp","href":"https:\/\/api.w.org\/{rel}","templated":true}]}}